posite number?
False
Is 133741723 a prime number?
True
Is 917698 a composite number?
True
Is 184083811 prime?
True
Is 1973 composite?
False
Is 42383437 composite?
False
Is 118463531 a composite number?
True
Is 356361 composite?
True
Is 99609509 a prime number?
True
Is 44999483 prime?
True
Is 7945361 a composite number?
False
Is 50133689 a prime number?
True
Is 7232135 prime?
False
Is 9570943 a prime number?
True
Is 347858143 prime?
True
Is 1175467 prime?
True
Is 10024979 composite?
False
Is 5107057 prime?
False
Is 124446473 a prime number?
False
Is 2375617 a prime number?
True
Is 11160914 a prime number?
False
Is 59146339 prime?
False
Is 12063979 a prime number?
False
Is 27772939 a prime number?
False
Is 1270125377 a composite number?
False
Is 446353 composite?
False
Is 10751687 prime?
True
Is 105737681 prime?
False
Is 32380601 composite?
True
Is 45373997 prime?
True
Is 471173 a composite number?
False
Is 1095401 a composite number?
False
Is 24361859 composite?
True
Is 177333959 a composite number?
True
Is 1363541 a composite number?
False
Is 11404661 prime?
True
Is 276753541 composite?
False
Is 363589619 a prime number?
False
Is 36495281 composite?
False
Is 1260113 a prime number?
True
Is 111052951 prime?
True
Is 7161251 a prime number?
True
Is 5737805 composite?
True
Is 5707279 a composite number?
False
Is 482789 composite?
False
Is 12487403 a prime number?
True
Is 2652767 a prime number?
False
Is 290753279 a prime number?
False
Is 752093 a prime number?
True
Is 1595047 composite?
False
Is 2899859 a composite number?
False
Is 86440961 prime?
True
Is 1896547 composite?
False
Is 2524637 a prime number?
True
Is 2025791 composite?
False
Is 62901469 a composite number?
True
Is 55974173 a prime number?
False
Is 9380081 a composite number?
True
Is 145119593 a composite number?
True
Is 16178257 a prime number?
False
Is 885583 a composite number?
True
Is 24110027 composite?
False
Is 113370731 a composite number?
False
Is 72925621 a prime number?
False
Is 79463317 a prime number?
True
Is 352739 prime?
True
Is 2324999 prime?
True
Is 134561333 composite?
True
Is 1564109 composite?
True
Is 1160867 a composite number?
False
Is 1860269 a composite number?
True
Is 2529707 composite?
False
Is 3417681 prime?
False
Is 2119829 a prime number?
True
Is 120608893 a composite number?
False
Is 10209427 a composite number?
False
Is 3646393 prime?
True
Is 146306429 composite?
True
Is 6230759 a prime number?
True
Is 2043767 a composite number?
True
Is 681439 prime?
False
Is 4106035 prime?
False
Is 15551429 a composite number?
True
Is 153216857 a prime number?
True
Is 23804849 composite?
False
Is 3097687 a prime number?
True
Is 526993 prime?
True
Is 9687493 composite?
False
Is 34493857 composite?
True
Is 8152301 a composite number?
True
Is 340183973 composite?
False
Is 3944333 composite?
True
Is 520259 a composite number?
True
Is 845279 a prime number?
True
Is 1536781 a composite number?
False
Is 373084939 prime?
True
Is 643857233 a prime number?
True
Is 48505103 prime?
True
Is 208248019 prime?
False
Is 74353 a composite number?
False
Is 29834114 a composite number?
True
Is 6759917 composite?
False
Is 82915643 a composite number?
False
Is 23004803 a prime number?
True
Is 143736569 prime?
True
Is 4543261 prime?
False
Is 113324677 a prime number?
True
Is 91462127 a composite number?
False
Is 1653537 a prime number?
False
Is 8936723 a composite number?
True
Is 558757 composite?
False
Is 1101973 prime?
False
Is 155291315 a prime number?
False
Is 89916313 prime?
False
Is 120051749 a composite number?
False
Is 133496299 composite?
True
Is 2711409 composite?
True
Is 373379387 composite?
False
Is 79894301 a prime number?
False
Is 1413593 composite?
False
Is 12762829 a composite number?
False
Is 427151 prime?
True
Is 11824679 a prime number?
True
Is 1095991 a composite number?
True
Is 115098587 prime?
True
Is 176702018 a prime number?
False
Is 8287627 prime?
False
Is 1576541 a prime number?
False
Is 13262891 a composite number?
False
Is 107708735 prime?
False
Is 2861861 composite?
False
Is 17136857 composite?
True
Is 322169 prime?
True
Is 89186527 a prime number?
True
Is 41640629 composite?
True
Is 50623981 a prime number?
True
Is 989514589 composite?
True
Is 285483409 a prime number?
True
Is 9322757 a prime number?
False
Is 905153 a prime number?
False
Is 1683749 a composite number?
False
Is 361462069 composite?
False
Is 15789701 prime?
True
Is 1188905 composite?
True
Is 22129789 a composite number?
True
Is 18306062 a composite number?
True
Is 224744687 a composite number?
False
Is 8910233 composite?
False
Is 75107953 a prime number?
True
Is 27347107 a composite number?
True
Is 1850461 composite?
True
Is 576193 a prime number?
True
Is 78848599 a composite number?
True
Is 66736469 a prime number?
True
Is 1996543 a prime number?
True
Is 1067887 a composite number?
True
Is 43909967 a composite number?
True
Is 919729 prime?
True
Is 2333837 composite?
True
Is 6646357 composite?
False
Is 380381 a prime number?
False
Is 10910161 prime?
False
Is 145080697 a composite number?
False
Is 12494281 a composite number?
False
Is 19302299 a composite number?
False
Is 132409891 a composite number?
False
Is 14616599 a composite number?
False
Is 92370821 a composite number?
False
Is 1717445 a prime number?
False
Is 18636691 a prime number?
False
Is 8397911 a composite number?
True
Is 786803 a composite number?
False
Is 7264889 prime?
True
Is 44555183 prime?
False
Is 322668111 a composite number?
True
Is 6769519 composite?
True
Is 21685733 composite?
False
Is 455350651 a prime number?
False
Is 55707997 a composite number?
True
Is 2362817 a prime number?
True
Is 1334717 prime?
True
Is 80064773 prime?
False
Is 950471 a prime number?
False
Is 370963 composite?
True
Is 135361 composite?
True
Is 40820363 composite?
False
Is 36460967 a prime number?
False
Is 52291357 a prime number?
True
Is 7795961 composite?
False
Is 860023 a prime number?
False
Is 16171271 a prime number?
True
Is 17732059 composite?
False
Is 127839737 a prime number?
True
Is 8660369 a composite number?
False
Is 2815195 a prime number?
False
Is 456804307 a prime number?
False
Is 29690651 prime?
True
Is 2013287 composite?
False
Is 382891037 composite?
False
Is 203497781 a composite number?
False
Is 107820203 prime?
True
Is 290552259 a prime number?
False
Is 889919 a prime number?
False
Is 16016549 composite?
False
Is 6910697 composite?
False
Is 209196307 prime?
False
Is 227329 composite?
True
Is 11128189 a composite number?
True
Is 6203035 composite?
True
Is 15254119 composite?
False
Is 28518043 prime?
True
Is 400997 prime?
True
Is 34857483 a composite number?
True
Is 257478659 a prime number?
True
Is 3489931 prime?
True
Is 1985471 composite?
False
Is 125063 a prime number?
True
Is 8897557 prime?
True
Is 27591181 prime?
True
Is 3106577 a composite number?
False
Is 1799041 composite?
False
Is 6200261 a composite number?
False
Is 6041402 composite?
True
Is 7142303 composite?
True
Is 1401149 a prime number?
False
Is 4389719 prime?
False
Is 28102103 a composite number?
False
Is 134890537 a composite number?
False
Is 66059921 a prime number?
True
Is 1115057 a prime number?
True
Is 2644531 a composite number?
False
Is 637067 composite?
False
Is 3580337 a prime number?
True
Is 135454477 a composite number?
True
Is 1550159 composite?
True
Is 6714311 composite?
False
Is 65782391 composite?
False
Is 5244167 a prime number?
True
Is 4418229 a composite number?
True
Is 13948213 a composite number?
False
Is 758299 prime?
True
Is 3344251 a composite number?
True
Is 93697111 composite?
False
Is 16570681 prime?
False
Is 2530273 composite?
True
Is 1770661 prime?
False
Is 145564027 a composite number?
True
Is 2981379 a prime number?
False
Is 69820899 a prime number?
False
Is 2188651 a prime number?
True
Is 567319 prime?
True
Is 4445153 a prime number?
True
Is 410763709 composite?
False
Is 31244753 composite?
True
Is 9078991 composite?
True
Is 22328767 a composite number?
True
Is 72513559 prime?
True
Is 39540701 prime?
True
Is 47301307 prime?
True
Is 100396749 a prime number?
False
Is 46971061 a prime number?
True
Is 1317119 composite?
False
Is 306929267 a composite number?
False
Is 622241 a composite number?
False
Is 83825431 composite?
False
Is 94622